 the remainder when 137 is divided by z(3).
11
Let j = 310 + -167. What is the remainder when j is divided by 22?
11
Let b = 15 - 2. Calculate the remainder when 48/(-2 + -2)*-2 is divided by b.
11
Let q(n) = 13*n - 38. Suppose 1278 = -4*g + 10*g. What is the remainder when g is divided by q(5)?
24
Let d(g) = 3*g**2. Let w be d(5). Calculate the remainder when 57 is divided by ((-270)/w)/((-3)/10).
9
Let q(g) = -g**2 + 2*g - 5. Let a be q(5). Let d be (-152)/a - 2/(-5). Suppose d = y + y. Calculate the remainder when 10 is divided by y.
2
Suppose 16*h - 11*h = 40. Calculate the remainder when 1*4*14/4 is divided by h.
6
Let g(s) = s**3 + 7*s**2 - 3*s - 10. Suppose 0 = z + 2*c + 12 - 33, 0 = 5*z + 5*c - 90. Calculate the remainder when z is divided by g(-7).
4
Let i = -30 + 61. Suppose 0 = 3*b - 29 - i. Suppose 2*k = -3*k + b. What is the remainder when k is divided by 1?
0
Suppose -24 = -6*z, 12*i + 384 = 15*i - 3*z. Calculate the remainder when i is divided by 19.
18
Let g = -70 - -77. Suppose g*a = a + 102. What is the remainder when (-418)/(-5) - 2/(-5) is divided by a?
16
Let u(n) = -n. Let j be (0 + 22)*1 + -3. Let m = j + -4. What is the remainder when m is divided by u(-8)?
7
Suppose -4*u - 4*c + 76 = 0, -4*c = -2*u - 2*c + 42. Let d = -176 - -187. Calculate the remainder when u is divided by d.
9
Let u(b) = -b**3 + 0*b**3 - 7*b**2 - 25 - 15*b**2 - 24*b. What is the remainder when 73 is divided by u(-21)?
35
Let k be (48 - 2)*(-8)/(-16). Suppose -2*n + 0*n + 3*c = 6, -5*c + k = n. What is the remainder when (-111*(-2)/n)/1 is divided by 15?
14
Let p = -69 + 160. Suppose 5*h + 171 = -4*i, 4*h + i + p = -37. Let v = h + 50. What is the remainder when 53 is divided by v?
15
Let x(c) = 3*c**2 - 1. Let t(q) = q**2 - 6*q + 6. Let w be t(4). Let o(b) = b**3 - 12*b**2 + 24*b - 19. Calculate the remainder when o(10) is divided by x(w).
10
Let d be 2*1*(7 + -4). Let o be d - ((6 - 0) + -3). What is the remainder when 18 - ((5 - o) + -2) is divided by 10?
8
Suppose -353*s + 352*s + 16 = 0. Calculate the remainder when 95 is divided by s.
15
Let b be (24/(-15))/(-4) - (-894)/15. Suppose -b = -5*v + 40. What is the remainder when 77 is divided by v?
17
Suppose 5*p = 4*u - 1071, -10*p + 7*p = 4*u - 1079. What is the remainder when u is divided by 12?
5
Let k(i) = 8*i**2. Let h = 0 + 2. Let z = -976 + 987. Calculate the remainder when k(h) is divided by z.
10
Suppose 3*p + 20 + 1 = g, -4*g + 5*p + 77 = 0. Suppose 108*k - g = 107*k. Calculate the remainder when k is divided by 11.
7
Let k = -10 - -6. What is the remainder when (-3)/(-7 + 476/70) is divided by (-18)/k*(-4)/(-3)?
3
Suppose -3*v = -s - v - 3, -v = -5*s - 6. Suppose -k = -15 - 54. What is the remainder when k is divided by 38*(s - (-12)/8)?
12
Let u = -53 - -57. Suppose -u*r + 155 = r. Calculate the remainder when r is divided by (3 + -1)/((-4)/(-34)).
14
Suppose 5*n + r - 4*r - 106 = 0, 0 = 4*n - 4*r - 80. Let i = n - 15. Let b = 25 + 6. What is the remainder when b is divided by i?
7
Suppose 5*a = i + 223 - 1453, 2*a - 4*i + 510 = 0. Let g = a + 380. Calculate the remainder when g is divided by 46.
43
Suppose 40 = -2*z + 7*z. Suppose 32 = 4*b - z. What is the remainder when 48 is divided by b?
8
Let g(q) be the first derivative of q**3/3 + q**2 + q - 4. Let f be g(-4). Suppose 3*i = -f + 45. Calculate the remainder when 20 is divided by i.
8
Let k(s) = -3 - 3*s + 0*s - 3*s**2 - s**3 + 7. What is the remainder when k(-3) is divided by (1 + -11)/5 + (13 - 3)?
5
Let p be (14 + 1)/(-3) + 2. What is the remainder when 8/(-12) + 267/9 is divided by -2 - (-15 - (6 + p))?
13
Suppose 0 = -80*t - 180*t + 36920. Let d(s) = 6*s. Calculate the remainder when t is divided by d(6).
34
Suppose -6*x + 9*x = 96. Suppose 20*i = 18*i + x. Calculate the remainder when 31 is divided by i.
15
Suppose 4*f + 5*s - 29 = 0, 2*f - 5*f - 2 = -s. Calculate the remainder when f/((-2065)/(-1030) + -2) is divided by 26.
24
Let w be 5 + (-9)/3 + -12. Let f = -9 - w. Suppose 5*q - 31 + f = 0. What is the remainder when q is divided by 4?
2
Suppose 0 = 20*d - 212 - 528. What is the remainder when 100 is divided by d?
26
Suppose 3*f = -f + 140. Let x(c) = c**2 - c - 22. Let a = -4 + 14. What is the remainder when x(a) is divided by f?
33
Let z = 3 + 3. Suppose -84 = -5*s + 4*m, 3*m = -s - 0 + 32. What is the remainder when s is divided by (22/z)/(1/3)?
9
Suppose 3 = -z + 11. Calculate the remainder when (-12)/(-126) - (-3245)/105 is divided by z.
7
Let n(k) = 12*k**2 - 1. Let o = 77 - 36. Let d = -10 + o. Calculate the remainder when d is divided by n(-1).
9
Let v be 388/(-5) + 60/(-25) + 3. Let a = -32 - v. Calculate the remainder when 86 is divided by a.
41
Suppose -2*i = -r - 25, -9*i + 11*i + r = 35. Calculate the remainder when 29 is divided by i.
14
Suppose 0*s - 5*s - 1 = 3*g, -5*s - 9 = 2*g. What is the remainder when 42 is divided by -2*g/(-1) - 1?
12
Let c = -11 - -21. Let i = -29 - -31. What is the remainder when ((-10)/(-4) - i)*54 is divided by c?
7
Let q = 1240 + -1019. What is the remainder when q is divided by 76?
69
Suppose 0 = -5*q, a - 5 = 4*q + 14. Suppose 385 = 5*n + 4*f, 8*f - 244 = -3*n + 3*f. What is the remainder when n is divided by a?
16
Calculate the remainder when (667/(-46))/(4/(-40)) is divided by 37.
34
Let d(k) = k + 2. Let l be d(-4). What is the remainder when 113 is divided by 2/4*(38 - 0/l)?
18
Let u = -10 + 10. Suppose 8 = 2*f - u*f. Suppose f*x - 35 = 4*w + 113, -x + 42 = 4*w. Calculate the remainder when x is divided by 10.
8
Let c = -338 - -393. Calculate the remainder when 171 is divided by c.
6
Suppose 204 = 19*z - 5. Let y(a) = 2*a**2 - 24*a + 27. Calculate the remainder when 24 is divided by y(z).
4
Let i be 332/36 + 3/((-81)/6). Suppose i*n - 66 = 42. What is the remainder when 34 is divided by n?
10
Suppose 0 = 5*a - 127 - 323. Suppose 3*v - 47 - 22 = 0. Calculate the remainder when a is divided by v.
21
Suppose 0 = o - 2*o + 3, 5*r - 64 = -3*o. Suppose -3*s - 5*x = -52 - 49, -2*s - 3*x + 67 = 0. Calculate the remainder when s is divided by r.
10
Let n = -150 - -342. Calculate the remainder when n is divided by 34.
22
Let a(b) = -b - 1. Let y(f) = 3*f - 6. Let v(o) = -5*a(o) - y(o). Suppose -7*l - 367 = -416. Calculate the remainder when v(11) is divided by l.
5
Suppose -2*a + 6 = a. Suppose 0 = -4*n - n + 30. What is the remainder when n is divided by a?
0
Let m(h) = 7*h + 14. Let b be m(10). Suppose 11*j = 114 + b. What is the remainder when 50 is divided by j?
14
Let g be ((-60)/(-16))/(-3)*-4. Suppose -v + 5*v = -3*c - 10, 16 = -2*c - g*v. Let t(x) = 5*x**2. What is the remainder when 39 is divided by t(c)?
19
Let d be ((4 - 3)/3)/(1/(-15)). Calculate the remainder when 46 is divided by (-6)/15 + (-1)/(d/82).
14
Suppose -5*f - 3*f = -3*f. Suppose f = -5*j + 52 + 68. Calculate the remainder when 68 is divided by j.
20
Suppose 4*t - 1384 = -3*j, 5*j - 3*t - 647 = 1621. Suppose 14*a - j - 174 = 0. Calculate the remainder when 134 is divided by a.
44
Let h be 1/5 - 28/(-10). Suppose -q = -h - 4. Calculate the remainder when q is divided by 2.
1
Suppose -3*o + 251 = 8. What is the remainder when o is divided by 73?
8
Calculate the remainder when 86 - (2/3)/((-5)/15) is divided by 27.
7
Suppose 3*z = -3*l - 9, -5*l = z + 3*z + 9. Let n(k) = -k**2 - 9*k - 3. Calculate the remainder when n(z) is divided by 8.
7
Let l(r) = -r**2 - 14*r + 22. Let d be l(-15). Let p(j) = 4*j - 17. What is the remainder when p(d) is divided by 4?
3
Suppose -5*o + 3*o + 10 = 0, o = 6*t - 85. What is the remainder when 68 is divided by t?
8
Calculate the remainder when (11 - 21 - -73)*1 is divided by 37.
26
Let u(k) = -k**2 - 16*k + 6. Let t be u(-8). Let s = t - 40. Calculate the remainder when s/1 + 9 + -10 is divided by 8.
5
Let x(r) = -r**3 + 10*r**2 + 15*r + 29. Let s be x(12). Let v = s + 155. Calculate the remainder when v is divided by 10.
6
Let w(s) = 6 + 6*s**3 + 1 + s - 8 - 3*s**2 + 0*s**2. Calculate the remainder when 147 is divided by w(2).
36
Let a(r) = -124*r + 755. Calculate the remainder when 414 is divided by a(6).
7
Let v be -1 + (4/(-6))/(3/(-99)). Suppose -4*j + v = f, -3*j - f + 6 = 3*f. Calculate the remainder when 33 is divided by j.
3
What is the remainder when -1 - -124 - 1